{"id":233,"date":"2020-10-11T14:17:59","date_gmt":"2020-10-11T12:17:59","guid":{"rendered":"http:\/\/lafajod.cluster023.hosting.ovh.net\/?page_id=233"},"modified":"2023-12-10T17:04:58","modified_gmt":"2023-12-10T16:04:58","slug":"village-fleuri","status":"publish","type":"page","link":"https:\/\/lafajolle.fr\/index.php\/village-fleuri\/","title":{"rendered":"Village fleuri"},"content":{"rendered":"<p style=\"text-align: justify;\"><img loading=\"lazy\" decoding=\"async\" class=\"alignnone  wp-image-2265\" src=\"http:\/\/lafajolle.fr\/wp-content\/uploads\/2023\/12\/DSC_0390-300x109.jpg\" alt=\"\" width=\"606\" height=\"220\" srcset=\"https:\/\/lafajolle.fr\/wp-content\/uploads\/2023\/12\/DSC_0390-300x109.jpg 300w, https:\/\/lafajolle.fr\/wp-content\/uploads\/2023\/12\/DSC_0390-1024x372.jpg 1024w, https:\/\/lafajolle.fr\/wp-content\/uploads\/2023\/12\/DSC_0390-768x279.jpg 768w, https:\/\/lafajolle.fr\/wp-content\/uploads\/2023\/12\/DSC_0390-1536x558.jpg 1536w, https:\/\/lafajolle.fr\/wp-content\/uploads\/2023\/12\/DSC_0390-2048x744.jpg 2048w, https:\/\/lafajolle.fr\/wp-content\/uploads\/2023\/12\/DSC_0390-900x327.jpg 900w, https:\/\/lafajolle.fr\/wp-content\/uploads\/2023\/12\/DSC_0390-1280x465.jpg 1280w\" sizes=\"auto, (max-width: 606px) 100vw, 606px\" \/><\/p>\n<p>&nbsp;<\/p>\n<p style=\"text-align: justify;\"><span style=\"font-family: verdana, geneva, sans-serif;\"><img loading=\"lazy\" decoding=\"async\" class=\"alignnone size-medium wp-image-2251\" src=\"http:\/\/lafajolle.fr\/wp-content\/uploads\/2023\/10\/2023-aude-fleurie-la-fajolle-300x169.jpg\" alt=\"\" width=\"300\" height=\"169\" srcset=\"https:\/\/lafajolle.fr\/wp-content\/uploads\/2023\/10\/2023-aude-fleurie-la-fajolle-300x169.jpg 300w, https:\/\/lafajolle.fr\/wp-content\/uploads\/2023\/10\/2023-aude-fleurie-la-fajolle-1024x576.jpg 1024w, https:\/\/lafajolle.fr\/wp-content\/uploads\/2023\/10\/2023-aude-fleurie-la-fajolle-768x432.jpg 768w, https:\/\/lafajolle.fr\/wp-content\/uploads\/2023\/10\/2023-aude-fleurie-la-fajolle-1536x864.jpg 1536w, https:\/\/lafajolle.fr\/wp-content\/uploads\/2023\/10\/2023-aude-fleurie-la-fajolle-2048x1153.jpg 2048w, https:\/\/lafajolle.fr\/wp-content\/uploads\/2023\/10\/2023-aude-fleurie-la-fajolle-900x506.jpg 900w, https:\/\/lafajolle.fr\/wp-content\/uploads\/2023\/10\/2023-aude-fleurie-la-fajolle-1280x720.jpg 1280w\" sizes=\"auto, (max-width: 300px) 100vw, 300px\" \/><img loading=\"lazy\" decoding=\"async\" class=\"alignnone size-medium wp-image-2250\" src=\"http:\/\/lafajolle.fr\/wp-content\/uploads\/2023\/10\/VVF_2023-32-300x169.jpg\" alt=\"\" width=\"300\" height=\"169\" srcset=\"https:\/\/lafajolle.fr\/wp-content\/uploads\/2023\/10\/VVF_2023-32-300x169.jpg 300w, https:\/\/lafajolle.fr\/wp-content\/uploads\/2023\/10\/VVF_2023-32-1024x576.jpg 1024w, https:\/\/lafajolle.fr\/wp-content\/uploads\/2023\/10\/VVF_2023-32-768x432.jpg 768w, https:\/\/lafajolle.fr\/wp-content\/uploads\/2023\/10\/VVF_2023-32-1536x864.jpg 1536w, https:\/\/lafajolle.fr\/wp-content\/uploads\/2023\/10\/VVF_2023-32-2048x1153.jpg 2048w, https:\/\/lafajolle.fr\/wp-content\/uploads\/2023\/10\/VVF_2023-32-900x506.jpg 900w, https:\/\/lafajolle.fr\/wp-content\/uploads\/2023\/10\/VVF_2023-32-1280x720.jpg 1280w\" sizes=\"auto, (max-width: 300px) 100vw, 300px\" \/><\/span><\/p>\n<p style=\"text-align: justify;\"><span style=\"font-family: verdana, geneva, sans-serif;\">Et une, et deux&#8230; et trois fleurs ! et le prix sp\u00e9cial du jardinier (e) ! vous trouverez ci-dessous les informations relatives \u00e0 ces nominations en attendant la remise officielle des prix qui aura lieu le vendredi 1er d\u00e9cembre 2023 \u00e0 Castelnaudary.<\/span><\/p>\n<p style=\"text-align: justify;\"><a href=\"http:\/\/lafajolle.fr\/wp-content\/uploads\/2023\/10\/2023_LA-FAJOLLE-1.pdf\">2023_LA FAJOLLE<\/a><\/p>\n<p><a href=\"http:\/\/lafajolle.fr\/wp-content\/uploads\/2023\/10\/11-LA-FAJOLLE-1-1.pdf\">11 &#8211; LA FAJOLLE (1)<\/a> rapport de la visite du 27 juillet 2023<\/p>\n<p style=\"text-align: justify;\"><span style=\"font-family: verdana, geneva, sans-serif;\">Le 17 d\u00e9cembre 2020, lors de la remise des prix de la charte \u00ab 0 Phyto \u00bb, la r\u00e9gion Occitanie et l\u2019Etat nous ont renouvel\u00e9 le label Terre Saine, vous pourrez suivre cette remise des prix <\/span><span style=\"font-family: verdana, geneva, sans-serif;\"><a href=\"https:\/\/www.fredonoccitanie.com\/jevi\/actualites\/2021\/01\/11\/remise-de-prix-zero-phyto-2020-les-laureats\/\">ici<\/a>.<\/span><\/p>\n<p style=\"text-align: justify;\"><span style=\"font-family: verdana, geneva, sans-serif;\">Celui-ci est le plus beau label dans le cadre de \u00ab\u00a00 Phyto\u00a0\u00bb\u00a0; c\u2019est-\u00e0-dire que nous n\u2019utilisons aucun produit phytosanitaire dans la commune\u00a0: aucun d\u00e9sherbant ni traitement ni poison dans la rue jardin, sur les terrains de jeux et dans le cimeti\u00e8re.<\/span><\/p>\n<p style=\"text-align: justify;\"><span style=\"font-family: verdana, geneva, sans-serif;\">Notre d\u00e9marche s\u2019est renforc\u00e9e au fil des ann\u00e9es et a m\u00eame d\u00e9pass\u00e9e le cadre des rues. En effet le dispositif autour du village qui permet \u00e0 Marc le berger d\u2019\u00e9lever son troupeau (d\u00e9broussaillage, cl\u00f4ture, p\u00e2turage par les coprins et ovins) fait suite \u00e0 cette m\u00eame volont\u00e9 de protection de notre nature. La r\u00e9ouverture du milieu fait aujourd\u2019hui r\u00e9appara\u00eetre des plantes et des animaux end\u00e9miques de notre patrimoine vivant. <\/span><\/p>\n<p style=\"text-align: justify;\"><span style=\"font-family: verdana, geneva, sans-serif;\">Le berger lui-m\u00eame n\u2019utilise pour soigner ses \u00eates que des produits respectueux de l\u2019environnement. <\/span><\/p>\n<p style=\"text-align: justify;\"><span style=\"font-family: verdana, geneva, sans-serif;\">D\u00e9sormais notre attention se porte de fa\u00e7on tr\u00e8s forte sur le R\u00e9benty\u00a0: notre attention et celle de l\u2019Etat qui prend tr\u00e8s au s\u00e9rieux la nette diminution de la biodiversit\u00e9 de notre torrent\u00a0: tout produit chimique d\u00e9vers\u00e9 dans le village finit sa course dans l\u2019eau de la rivi\u00e8re et a une incidence sur la vie qu\u2019elle porte. <\/span><\/p>\n<p style=\"text-align: justify;\"><span style=\"font-family: verdana, geneva, sans-serif;\">Ainsi nous demandons \u00e0 chacun de vous\u00a0:<\/span><\/p>\n<ul style=\"text-align: justify;\">\n<li><span style=\"font-family: verdana, geneva, sans-serif;\">De ne plus utiliser de d\u00e9sherbant ou de biocide<\/span><\/li>\n<li><span style=\"font-family: verdana, geneva, sans-serif;\">De ne plus jeter dans l\u2019eau de produit chimique et toxique.<\/span><\/li>\n<\/ul>\n<p style=\"text-align: justify;\"><span style=\"font-family: verdana, geneva, sans-serif;\">Notre rivi\u00e8re, nos montagnes, nos arbres et nos fleurs sont l\u2019identit\u00e9 de notre village. Merci de nous aider \u00e0 en prendre soin.<\/span><\/p>\n<p style=\"text-align: justify;\">\u00a0<\/p>\n<p><span style=\"font-family: verdana, geneva, sans-serif;\"><img loading=\"lazy\" decoding=\"async\" class=\"alignnone  wp-image-984\" src=\"http:\/\/lafajolle.fr\/wp-content\/uploads\/2021\/02\/DSC_0280-300x209.jpg\" alt=\"\" width=\"375\" height=\"261\" srcset=\"https:\/\/lafajolle.fr\/wp-content\/uploads\/2021\/02\/DSC_0280-300x209.jpg 300w, https:\/\/lafajolle.fr\/wp-content\/uploads\/2021\/02\/DSC_0280-1024x712.jpg 1024w, https:\/\/lafajolle.fr\/wp-content\/uploads\/2021\/02\/DSC_0280-768x534.jpg 768w, https:\/\/lafajolle.fr\/wp-content\/uploads\/2021\/02\/DSC_0280-1536x1068.jpg 1536w, https:\/\/lafajolle.fr\/wp-content\/uploads\/2021\/02\/DSC_0280-2048x1424.jpg 2048w, https:\/\/lafajolle.fr\/wp-content\/uploads\/2021\/02\/DSC_0280-900x626.jpg 900w, https:\/\/lafajolle.fr\/wp-content\/uploads\/2021\/02\/DSC_0280-1280x890.jpg 1280w\" sizes=\"auto, (max-width: 375px) 100vw, 375px\" \/><\/span><\/p>\n<p>&nbsp;<\/p>\n<p><span style=\"font-family: verdana, geneva, sans-serif;\">Depuis plusieurs ann\u00e9es, la \u00ab\u00a0jardini\u00e8re b\u00e9n\u00e9vole\u00a0\u00bb s&rsquo;active pour planter, tailler, gratter, surveiller amoureusement toutes ses fleurs, t\u00e9moins, toutes les r\u00e9compenses attribu\u00e9es.<\/span><\/p>\n<p><span style=\"font-family: verdana, geneva, sans-serif;\">Pendant une ann\u00e9e, nous avons fait des photos pour rendre compte de tout ce monde miniature, avec les prises de vue, nous avons organis\u00e9 une exposition photos en 2019 dans l&rsquo;\u00e9glise de notre village :<\/span><\/p>\n        <style>\r\n            #player302{\r\n                width: 100%                \/* margin: 0 auto *\/\r\n            }\r\n                    <\/style>\r\n        <div>\r\n            <div id=\"player302\" class=\"ytp-player\" data-options=\"{&quot;controls&quot;:[&quot;play-large&quot;,&quot;play&quot;,&quot;progress&quot;,&quot;duration&quot;,&quot;mute&quot;,&quot;volume&quot;,&quot;settings&quot;,&quot;fullscreen&quot;]}\">\r\n                <div class=\"plyr__video-embed embed-container\" id=\"player\">\r\n                    <iframe\r\n                        src=\"https:\/\/www.youtube.com\/embed\/https:\/\/youtu.be\/4CVobR_uA5I\"\r\n                        allowfullscreen\r\n                        allowtransparency\r\n                        allow=\"autoplay\"\r\n                    ><\/iframe>\r\n                <\/div>\r\n               \r\n            <\/div>\r\n        <\/div>\r\n        \n<p><img loading=\"lazy\" decoding=\"async\" class=\"alignnone size-medium wp-image-410\" src=\"http:\/\/lafajod.cluster023.hosting.ovh.net\/wp-content\/uploads\/2020\/11\/DSC_0756-200x300.jpg\" alt=\"\" width=\"200\" height=\"300\" srcset=\"https:\/\/lafajolle.fr\/wp-content\/uploads\/2020\/11\/DSC_0756-200x300.jpg 200w, https:\/\/lafajolle.fr\/wp-content\/uploads\/2020\/11\/DSC_0756-683x1024.jpg 683w, https:\/\/lafajolle.fr\/wp-content\/uploads\/2020\/11\/DSC_0756-768x1152.jpg 768w, https:\/\/lafajolle.fr\/wp-content\/uploads\/2020\/11\/DSC_0756-1024x1536.jpg 1024w, https:\/\/lafajolle.fr\/wp-content\/uploads\/2020\/11\/DSC_0756-1365x2048.jpg 1365w, https:\/\/lafajolle.fr\/wp-content\/uploads\/2020\/11\/DSC_0756-900x1350.jpg 900w, https:\/\/lafajolle.fr\/wp-content\/uploads\/2020\/11\/DSC_0756-1280x1920.jpg 1280w, https:\/\/lafajolle.fr\/wp-content\/uploads\/2020\/11\/DSC_0756-scaled.jpg 1707w\" sizes=\"auto, (max-width: 200px) 100vw, 200px\" \/><img loading=\"lazy\" decoding=\"async\" class=\"alignnone size-medium wp-image-405\" src=\"http:\/\/lafajod.cluster023.hosting.ovh.net\/wp-content\/uploads\/2020\/11\/DSC_0751-300x200.jpg\" alt=\"\" width=\"300\" height=\"200\" srcset=\"https:\/\/lafajolle.fr\/wp-content\/uploads\/2020\/11\/DSC_0751-300x200.jpg 300w, https:\/\/lafajolle.fr\/wp-content\/uploads\/2020\/11\/DSC_0751-1024x683.jpg 1024w, https:\/\/lafajolle.fr\/wp-content\/uploads\/2020\/11\/DSC_0751-768x512.jpg 768w, https:\/\/lafajolle.fr\/wp-content\/uploads\/2020\/11\/DSC_0751-1536x1024.jpg 1536w, https:\/\/lafajolle.fr\/wp-content\/uploads\/2020\/11\/DSC_0751-2048x1365.jpg 2048w, https:\/\/lafajolle.fr\/wp-content\/uploads\/2020\/11\/DSC_0751-900x600.jpg 900w, https:\/\/lafajolle.fr\/wp-content\/uploads\/2020\/11\/DSC_0751-1280x853.jpg 1280w\" sizes=\"auto, (max-width: 300px) 100vw, 300px\" \/><img loading=\"lazy\" decoding=\"async\" class=\"alignnone size-medium wp-image-408\" src=\"http:\/\/lafajod.cluster023.hosting.ovh.net\/wp-content\/uploads\/2020\/11\/DSC_0754-300x200.jpg\" alt=\"\" width=\"300\" height=\"200\" srcset=\"https:\/\/lafajolle.fr\/wp-content\/uploads\/2020\/11\/DSC_0754-300x200.jpg 300w, https:\/\/lafajolle.fr\/wp-content\/uploads\/2020\/11\/DSC_0754-1024x683.jpg 1024w, https:\/\/lafajolle.fr\/wp-content\/uploads\/2020\/11\/DSC_0754-768x512.jpg 768w, https:\/\/lafajolle.fr\/wp-content\/uploads\/2020\/11\/DSC_0754-1536x1024.jpg 1536w, https:\/\/lafajolle.fr\/wp-content\/uploads\/2020\/11\/DSC_0754-2048x1365.jpg 2048w, https:\/\/lafajolle.fr\/wp-content\/uploads\/2020\/11\/DSC_0754-900x600.jpg 900w, https:\/\/lafajolle.fr\/wp-content\/uploads\/2020\/11\/DSC_0754-1280x853.jpg 1280w\" sizes=\"auto, (max-width: 300px) 100vw, 300px\" \/><img loading=\"lazy\" decoding=\"async\" class=\"alignnone size-medium wp-image-409\" src=\"http:\/\/lafajod.cluster023.hosting.ovh.net\/wp-content\/uploads\/2020\/11\/DSC_0755-300x200.jpg\" alt=\"\" width=\"300\" height=\"200\" srcset=\"https:\/\/lafajolle.fr\/wp-content\/uploads\/2020\/11\/DSC_0755-300x200.jpg 300w, https:\/\/lafajolle.fr\/wp-content\/uploads\/2020\/11\/DSC_0755-1024x683.jpg 1024w, https:\/\/lafajolle.fr\/wp-content\/uploads\/2020\/11\/DSC_0755-768x512.jpg 768w, https:\/\/lafajolle.fr\/wp-content\/uploads\/2020\/11\/DSC_0755-1536x1024.jpg 1536w, https:\/\/lafajolle.fr\/wp-content\/uploads\/2020\/11\/DSC_0755-2048x1365.jpg 2048w, https:\/\/lafajolle.fr\/wp-content\/uploads\/2020\/11\/DSC_0755-900x600.jpg 900w, https:\/\/lafajolle.fr\/wp-content\/uploads\/2020\/11\/DSC_0755-1280x853.jpg 1280w\" sizes=\"auto, (max-width: 300px) 100vw, 300px\" \/><img loading=\"lazy\" decoding=\"async\" class=\"alignnone size-medium wp-image-407\" src=\"http:\/\/lafajod.cluster023.hosting.ovh.net\/wp-content\/uploads\/2020\/11\/DSC_0753-300x200.jpg\" alt=\"\" width=\"300\" height=\"200\" srcset=\"https:\/\/lafajolle.fr\/wp-content\/uploads\/2020\/11\/DSC_0753-300x200.jpg 300w, https:\/\/lafajolle.fr\/wp-content\/uploads\/2020\/11\/DSC_0753-1024x683.jpg 1024w, https:\/\/lafajolle.fr\/wp-content\/uploads\/2020\/11\/DSC_0753-768x512.jpg 768w, https:\/\/lafajolle.fr\/wp-content\/uploads\/2020\/11\/DSC_0753-1536x1024.jpg 1536w, https:\/\/lafajolle.fr\/wp-content\/uploads\/2020\/11\/DSC_0753-2048x1365.jpg 2048w, https:\/\/lafajolle.fr\/wp-content\/uploads\/2020\/11\/DSC_0753-900x600.jpg 900w, https:\/\/lafajolle.fr\/wp-content\/uploads\/2020\/11\/DSC_0753-1280x853.jpg 1280w\" sizes=\"auto, (max-width: 300px) 100vw, 300px\" \/><img loading=\"lazy\" decoding=\"async\" class=\"alignnone size-medium wp-image-406\" src=\"http:\/\/lafajod.cluster023.hosting.ovh.net\/wp-content\/uploads\/2020\/11\/DSC_0752-300x200.jpg\" alt=\"\" width=\"300\" height=\"200\" srcset=\"https:\/\/lafajolle.fr\/wp-content\/uploads\/2020\/11\/DSC_0752-300x200.jpg 300w, https:\/\/lafajolle.fr\/wp-content\/uploads\/2020\/11\/DSC_0752-1024x683.jpg 1024w, https:\/\/lafajolle.fr\/wp-content\/uploads\/2020\/11\/DSC_0752-768x512.jpg 768w, https:\/\/lafajolle.fr\/wp-content\/uploads\/2020\/11\/DSC_0752-1536x1024.jpg 1536w, https:\/\/lafajolle.fr\/wp-content\/uploads\/2020\/11\/DSC_0752-2048x1365.jpg 2048w, https:\/\/lafajolle.fr\/wp-content\/uploads\/2020\/11\/DSC_0752-900x600.jpg 900w, https:\/\/lafajolle.fr\/wp-content\/uploads\/2020\/11\/DSC_0752-1280x853.jpg 1280w\" sizes=\"auto, (max-width: 300px) 100vw, 300px\" \/><\/p>\n","protected":false},"excerpt":{"rendered":"<p>&nbsp; Et une, et deux&#8230; et trois fleurs ! et le prix sp\u00e9cial du jardinier (e) ! vous trouverez ci-dessous les informations relatives \u00e0 ces nominations en attendant la remise officielle des prix qui aura lieu le vendredi 1er d\u00e9cembre 2023 \u00e0 Castelnaudary. 2023_LA FAJOLLE 11 &#8211; LA FAJOLLE (1) rapport de la visite du [&hellip;]<\/p>\n","protected":false},"author":1,"featured_media":0,"parent":0,"menu_order":0,"comment_status":"closed","ping_status":"closed","template":"","meta":{"_crdt_document":"","footnotes":""},"class_list":["post-233","page","type-page","status-publish","hentry"],"_links":{"self":[{"href":"https:\/\/lafajolle.fr\/index.php\/wp-json\/wp\/v2\/pages\/233","targetHints":{"allow":["GET"]}}],"collection":[{"href":"https:\/\/lafajolle.fr\/index.php\/wp-json\/wp\/v2\/pages"}],"about":[{"href":"https:\/\/lafajolle.fr\/index.php\/wp-json\/wp\/v2\/types\/page"}],"author":[{"embeddable":true,"href":"https:\/\/lafajolle.fr\/index.php\/wp-json\/wp\/v2\/users\/1"}],"replies":[{"embeddable":true,"href":"https:\/\/lafajolle.fr\/index.php\/wp-json\/wp\/v2\/comments?post=233"}],"version-history":[{"count":16,"href":"https:\/\/lafajolle.fr\/index.php\/wp-json\/wp\/v2\/pages\/233\/revisions"}],"predecessor-version":[{"id":2270,"href":"https:\/\/lafajolle.fr\/index.php\/wp-json\/wp\/v2\/pages\/233\/revisions\/2270"}],"wp:attachment":[{"href":"https:\/\/lafajolle.fr\/index.php\/wp-json\/wp\/v2\/media?parent=233"}],"curies":[{"name":"wp","href":"https:\/\/api.w.org\/{rel}","templated":true}]}}