{"id":74,"date":"2020-10-08T22:39:26","date_gmt":"2020-10-08T20:39:26","guid":{"rendered":"http:\/\/lafajod.cluster023.hosting.ovh.net\/?page_id=74"},"modified":"2020-11-11T10:54:09","modified_gmt":"2020-11-11T09:54:09","slug":"nichoirs-abris-et-hotel-a-insectes","status":"publish","type":"page","link":"http:\/\/lafajolle.fr\/index.php\/nichoirs-abris-et-hotel-a-insectes\/","title":{"rendered":"Nichoirs, abris et h\u00f4tel \u00e0 insectes"},"content":{"rendered":"<p><span style=\"font-family: verdana, geneva, sans-serif;\">Au sujet des nichoirs \u00ab\u00a0<strong>Aude Claire\u00a0\u00bb<\/strong> communique :<\/span><\/p>\n<p><span style=\"font-family: verdana, geneva, sans-serif;\">Les kits \u00ab\u00a0biodiversit\u00e9 ordinaire\u00a0\u00bb<\/span><\/p>\n<p><span style=\"font-family: verdana, geneva, sans-serif;\">En juin 2019, nous avons r\u00e9pondu \u00e0 un appel \u00e0 projets lanc\u00e9 par la R\u00e9serve africaine de Sigean qui souhaitait aider financi\u00e8rement des associations de l&rsquo;Aude, de l&rsquo;H\u00e9rault et des Pyr\u00e9n\u00e9es-Orientales \u00e0 r\u00e9aliser un projet favorisant la biodiversit\u00e9. Nous \u0153uvrons d\u00e9j\u00e0 beaucoup en faveur de nombreuses esp\u00e8ces de la flore et de la faune patrimoniale, dont certaines, le Desman des Pyr\u00e9n\u00e9es entre autres, b\u00e9n\u00e9ficient de programmes de connaissance ou de gestion qui sont financ\u00e9s,.<\/span><\/p>\n<p><span style=\"font-family: verdana, geneva, sans-serif;\">Nous avons donc propos\u00e9 de favoriser la biodiversit\u00e9 dite ordinaire sur les territoires de 7 communes de la Haute Vall\u00e9e de l&rsquo;Aude, en leur fournissant un \u00ab\u00a0kit biodiversit\u00e9\u00a0\u00bb. Notre projet ayant \u00e9t\u00e9 retenu, nous avons re\u00e7u une enveloppe de 15000\u20ac pour mettre ce projet en application.<\/span><\/p>\n<p><span style=\"font-family: verdana, geneva, sans-serif;\">Les 7 communes que nous avons sollicit\u00e9es ont r\u00e9pondu favorablement. Il s&rsquo;agit de Cambieure, Campagne-sur-Aude, C\u00e9pie, La Fajolle, Le Bousquet, Luc-sur-Aude et Pieusse.<\/span><\/p>\n<p><span style=\"font-family: verdana, geneva, sans-serif;\">Le kit biodiversit\u00e9 fourni est compos\u00e9 des \u00e9l\u00e9ments suivants :<\/span><\/p>\n<ul style=\"list-style-type: circle;\">\n<li><span style=\"font-family: verdana, geneva, sans-serif;\">6 nichoirs pour les oiseaux de 3 formats diff\u00e9rents (tipi, balcon et semi-cavernicole) pour des oiseaux de petite taille (m\u00e9sange, moineau, rouge-gorge, rouge-queue&#8230;).<\/span><\/li>\n<li><span style=\"font-family: verdana, geneva, sans-serif;\">3 abris \u00e0 chiropt\u00e8res destin\u00e9s \u00e0 accueillir des chauve-souris de petite taille (pipistrelle, barbastelle, s\u00e9rotine, murin, noctules)<\/span><\/li>\n<li><span style=\"font-family: verdana, geneva, sans-serif;\">1 h\u00f4tel \u00e0 insectes compos\u00e9 de plusieurs cases dans lesquelles sont reconstitu\u00e9s diff\u00e9rents milieux de vie permettant d&rsquo;accueillir des insectes auxiliaires du jardin (coccinelle, chrysope, forficule, abeille solitaire, carabe, bourdon, papillons&#8230;).<\/span><\/li>\n<\/ul>\n<p><span style=\"font-family: verdana, geneva, sans-serif;\">Tous ces \u00e9l\u00e9ments ont \u00e9t\u00e9 fabriqu\u00e9s par l&rsquo;association L&rsquo;Aude au Nat&rsquo;.<\/span><\/p>\n<p><span style=\"font-family: verdana, geneva, sans-serif;\">Une journ\u00e9e d&rsquo;animation est pr\u00e9vue dans chaque commune pour :<\/span><\/p>\n<ul>\n<li><span style=\"font-family: verdana, geneva, sans-serif;\">remplir les diff\u00e9rents compartiments de l&rsquo;h\u00f4tel \u00e0 insectes avec divers \u00e9l\u00e9ments : paille, foin, feuilles mortes, mousse, pommes de pin, branches, petits rondins perc\u00e9s, cannes de Provence&#8230;<\/span><\/li>\n<li><span style=\"font-family: verdana, geneva, sans-serif;\">installer un abri \u00e0 reptiles destin\u00e9 \u00e0 accueillir des l\u00e9zards, couleuvres ainsi que des amphibiens<\/span><\/li>\n<li><span style=\"font-family: verdana, geneva, sans-serif;\">construire un abri \u00e0 h\u00e9rissons, qui par la\u00a0 m\u00eame occasion accueillera d&rsquo;autres animaux comme le crapaud, la salamandre, la belette&#8230;<\/span><\/li>\n<\/ul>\n<p><span style=\"font-family: verdana, geneva, sans-serif;\">Cette journ\u00e9e se fera, selon les communes, d\u00e8s cet \u00e9t\u00e9 avec les habitants du village, ou \u00e0 la rentr\u00e9e de septembre avec les enfants de l&rsquo;\u00e9cole.<\/span><\/p>\n<p><span style=\"font-family: verdana, geneva, sans-serif;\">Une b\u00e2che explicative fait aussi partie de ce kit. Elle sera install\u00e9e dans chaque commune pour sensibiliser la population.<\/span><\/p>\n<p><span style=\"font-family: verdana, geneva, sans-serif;\">De leur c\u00f4t\u00e9, les communes se sont engag\u00e9es \u00e0 mettre en place des pratiques favorisant la biodiversit\u00e9 :<\/span><\/p>\n<ul>\n<li><span style=\"font-family: verdana, geneva, sans-serif;\">installation d&rsquo;une prairie fleurie en faveur des papillons et des butineurs, constitu\u00e9e d&rsquo;esp\u00e8ces locales (lavande, thym, serpolet, romarin, coquelicot, marguerite, tr\u00e8fle&#8230;)<\/span><\/li>\n<li><span style=\"font-family: verdana, geneva, sans-serif;\">r\u00e9alisation d&rsquo;une fauche tardive des espaces verts et bords de chemins afin que les plantes et les esp\u00e8ces qu&rsquo;elles abritent aient un cycle de vie le plus complet possible.<\/span><\/li>\n<\/ul>\n<p><em><span style=\"font-family: verdana, geneva, sans-serif;\">Cette action a \u00e9t\u00e9 men\u00e9e \u00e0 La Fajolle en ao\u00fbt 2020, avec l&rsquo;\u00e9troite collaboration des enfants du village et sous l&rsquo;\u00e9gide des repr\u00e9sentants d&rsquo;Aude Claire.<\/span><\/em><\/p>\n<div class=\"rl-gallery-container rl-loading\" id=\"rl-gallery-container-1\" data-gallery_id=\"298\"> <div class=\"rl-gallery rl-basicgrid-gallery \" id=\"rl-gallery-1\" data-gallery_no=\"1\"> <div class=\"rl-gallery-item\"><a href=\"http:\/\/lafajolle.fr\/wp-content\/uploads\/2020\/10\/les-enfants-devant-labri-a-herissons-scaled.jpg\" title=\"\" data-rl_title=\"\" class=\"rl-gallery-link\" data-rl_caption=\"\" data-rel=\"lightbox-gallery-1\"><img loading=\"lazy\" decoding=\"async\" src=\"http:\/\/lafajolle.fr\/wp-content\/uploads\/2020\/10\/les-enfants-devant-labri-a-herissons-300x200.jpg\" width=\"300\" height=\"200\" alt=\"\" \/><\/a><\/div><div class=\"rl-gallery-item\"><a href=\"http:\/\/lafajolle.fr\/wp-content\/uploads\/2020\/10\/DSC_0050-scaled.jpg\" title=\"\" data-rl_title=\"\" class=\"rl-gallery-link\" data-rl_caption=\"\" data-rel=\"lightbox-gallery-1\"><img loading=\"lazy\" decoding=\"async\" src=\"http:\/\/lafajolle.fr\/wp-content\/uploads\/2020\/10\/DSC_0050-300x200.jpg\" width=\"300\" height=\"200\" alt=\"\" \/><\/a><\/div><div class=\"rl-gallery-item\"><a href=\"http:\/\/lafajolle.fr\/wp-content\/uploads\/2020\/10\/remplissage-hotel-a-insectes-Copier.jpg\" title=\"\" data-rl_title=\"\" class=\"rl-gallery-link\" data-rl_caption=\"\" data-rel=\"lightbox-gallery-1\"><img loading=\"lazy\" decoding=\"async\" src=\"http:\/\/lafajolle.fr\/wp-content\/uploads\/2020\/10\/remplissage-hotel-a-insectes-Copier-300x200.jpg\" width=\"300\" height=\"200\" alt=\"\" \/><\/a><\/div><div class=\"rl-gallery-item\"><a href=\"http:\/\/lafajolle.fr\/wp-content\/uploads\/2020\/10\/DSC_0048-scaled.jpg\" title=\"\" data-rl_title=\"\" class=\"rl-gallery-link\" data-rl_caption=\"\" data-rel=\"lightbox-gallery-1\"><img loading=\"lazy\" decoding=\"async\" src=\"http:\/\/lafajolle.fr\/wp-content\/uploads\/2020\/10\/DSC_0048-200x300.jpg\" width=\"200\" height=\"300\" alt=\"\" \/><\/a><\/div><div class=\"rl-gallery-item\"><a href=\"http:\/\/lafajolle.fr\/wp-content\/uploads\/2020\/10\/DSC_0037-scaled.jpg\" title=\"\" data-rl_title=\"\" class=\"rl-gallery-link\" data-rl_caption=\"\" data-rel=\"lightbox-gallery-1\"><img loading=\"lazy\" decoding=\"async\" src=\"http:\/\/lafajolle.fr\/wp-content\/uploads\/2020\/10\/DSC_0037-200x300.jpg\" width=\"200\" height=\"300\" alt=\"\" \/><\/a><\/div> <\/div> <\/div>\n<p>&nbsp;<\/p>\n","protected":false},"excerpt":{"rendered":"<p>Au sujet des nichoirs \u00ab\u00a0Aude Claire\u00a0\u00bb communique : Les kits \u00ab\u00a0biodiversit\u00e9 ordinaire\u00a0\u00bb En juin 2019, nous avons r\u00e9pondu \u00e0 un appel \u00e0 projets lanc\u00e9 par la R\u00e9serve africaine de Sigean qui souhaitait aider financi\u00e8rement des associations de l&rsquo;Aude, de l&rsquo;H\u00e9rault et des Pyr\u00e9n\u00e9es-Orientales \u00e0 r\u00e9aliser un projet favorisant la biodiversit\u00e9. Nous \u0153uvrons d\u00e9j\u00e0 beaucoup en [&hellip;]<\/p>\n","protected":false},"author":1,"featured_media":0,"parent":0,"menu_order":0,"comment_status":"closed","ping_status":"closed","template":"","meta":{"_crdt_document":"","footnotes":""},"class_list":["post-74","page","type-page","status-publish","hentry"],"_links":{"self":[{"href":"http:\/\/lafajolle.fr\/index.php\/wp-json\/wp\/v2\/pages\/74","targetHints":{"allow":["GET"]}}],"collection":[{"href":"http:\/\/lafajolle.fr\/index.php\/wp-json\/wp\/v2\/pages"}],"about":[{"href":"http:\/\/lafajolle.fr\/index.php\/wp-json\/wp\/v2\/types\/page"}],"author":[{"embeddable":true,"href":"http:\/\/lafajolle.fr\/index.php\/wp-json\/wp\/v2\/users\/1"}],"replies":[{"embeddable":true,"href":"http:\/\/lafajolle.fr\/index.php\/wp-json\/wp\/v2\/comments?post=74"}],"version-history":[{"count":6,"href":"http:\/\/lafajolle.fr\/index.php\/wp-json\/wp\/v2\/pages\/74\/revisions"}],"predecessor-version":[{"id":459,"href":"http:\/\/lafajolle.fr\/index.php\/wp-json\/wp\/v2\/pages\/74\/revisions\/459"}],"wp:attachment":[{"href":"http:\/\/lafajolle.fr\/index.php\/wp-json\/wp\/v2\/media?parent=74"}],"curies":[{"name":"wp","href":"https:\/\/api.w.org\/{rel}","templated":true}]}}