{"id":62,"date":"2020-10-08T22:38:00","date_gmt":"2020-10-08T20:38:00","guid":{"rendered":"http:\/\/lafajod.cluster023.hosting.ovh.net\/?page_id=62"},"modified":"2023-12-16T18:55:10","modified_gmt":"2023-12-16T17:55:10","slug":"associations","status":"publish","type":"page","link":"http:\/\/lafajolle.fr\/index.php\/associations\/","title":{"rendered":"Associations"},"content":{"rendered":"<p><span style=\"font-family: verdana, geneva, sans-serif;\"><strong>Chasse<\/strong>\u00a0:<\/span><\/p>\n<p><span style=\"font-family: verdana, geneva, sans-serif;\">Pr\u00e9sident : Marc San Francisco<\/span><\/p>\n<p><span style=\"font-family: verdana, geneva, sans-serif;\">Secr\u00e9taire : Alain Miquel<\/span><\/p>\n<p><span style=\"font-family: verdana, geneva, sans-serif;\">Tr\u00e9sorier : Ren\u00e9 Descous<\/span><\/p>\n<p><span style=\"font-family: verdana, geneva, sans-serif;\"><strong>P\u00eache :\u00a0<\/strong><\/span><\/p>\n<p><span style=\"font-family: verdana, geneva, sans-serif;\">Pr\u00e9sident : Laurent Gonzalez<\/span><\/p>\n<p><span style=\"font-family: verdana, geneva, sans-serif;\">Secr\u00e9taire : Alain Miquel<\/span><\/p>\n<p><span style=\"font-family: verdana, geneva, sans-serif;\">Tr\u00e9sorier : Jacques Castel<\/span><\/p>\n<p><span style=\"font-family: verdana, geneva, sans-serif;\"><strong>Lafajolaise :\u00a0<\/strong><\/span><\/p>\n<p><span style=\"font-family: verdana, geneva, sans-serif;\">Pr\u00e9sidente : Jacqueline Castel<\/span><\/p>\n<p><span style=\"font-family: verdana, geneva, sans-serif;\">Tr\u00e9sori\u00e8re : Fran\u00e7oise Freu<\/span><\/p>\n<p><span style=\"font-family: verdana, geneva, sans-serif;\">Secr\u00e9taires : C\u00e9line Venteruti, Lydie Reidt<\/span><\/p>\n<p><span style=\"font-family: verdana, geneva, sans-serif;\">contact : associationlafajolaise@gmail.com<\/span><\/p>\n","protected":false},"excerpt":{"rendered":"<p>Chasse\u00a0: Pr\u00e9sident : Marc San Francisco Secr\u00e9taire : Alain Miquel Tr\u00e9sorier : Ren\u00e9 Descous P\u00eache :\u00a0 Pr\u00e9sident : Laurent Gonzalez Secr\u00e9taire : Alain Miquel Tr\u00e9sorier : Jacques Castel Lafajolaise :\u00a0 Pr\u00e9sidente : Jacqueline Castel Tr\u00e9sori\u00e8re : Fran\u00e7oise Freu Secr\u00e9taires : C\u00e9line Venteruti, Lydie Reidt contact : associationlafajolaise@gmail.com<\/p>\n","protected":false},"author":1,"featured_media":0,"parent":0,"menu_order":0,"comment_status":"closed","ping_status":"closed","template":"","meta":{"_crdt_document":"","footnotes":""},"class_list":["post-62","page","type-page","status-publish","hentry"],"_links":{"self":[{"href":"http:\/\/lafajolle.fr\/index.php\/wp-json\/wp\/v2\/pages\/62","targetHints":{"allow":["GET"]}}],"collection":[{"href":"http:\/\/lafajolle.fr\/index.php\/wp-json\/wp\/v2\/pages"}],"about":[{"href":"http:\/\/lafajolle.fr\/index.php\/wp-json\/wp\/v2\/types\/page"}],"author":[{"embeddable":true,"href":"http:\/\/lafajolle.fr\/index.php\/wp-json\/wp\/v2\/users\/1"}],"replies":[{"embeddable":true,"href":"http:\/\/lafajolle.fr\/index.php\/wp-json\/wp\/v2\/comments?post=62"}],"version-history":[{"count":7,"href":"http:\/\/lafajolle.fr\/index.php\/wp-json\/wp\/v2\/pages\/62\/revisions"}],"predecessor-version":[{"id":2137,"href":"http:\/\/lafajolle.fr\/index.php\/wp-json\/wp\/v2\/pages\/62\/revisions\/2137"}],"wp:attachment":[{"href":"http:\/\/lafajolle.fr\/index.php\/wp-json\/wp\/v2\/media?parent=62"}],"curies":[{"name":"wp","href":"https:\/\/api.w.org\/{rel}","templated":true}]}}