{"id":534,"date":"2020-11-19T09:36:09","date_gmt":"2020-11-19T08:36:09","guid":{"rendered":"http:\/\/lafajolle.fr\/?page_id=534"},"modified":"2022-07-22T18:50:05","modified_gmt":"2022-07-22T16:50:05","slug":"revue-de-presse","status":"publish","type":"page","link":"http:\/\/lafajolle.fr\/index.php\/revue-de-presse\/","title":{"rendered":"Revue de presse"},"content":{"rendered":"<div class=\"elementor-element elementor-element-f87c6cc elementor-widget elementor-widget-heading\" data-id=\"f87c6cc\" data-element_type=\"widget\" data-widget_type=\"heading.default\">\n<div class=\"elementor-widget-container\">\n<h2 class=\"elementor-heading-title elementor-size-default\">La prise en compte de la biodiversit\u00e9 \u00e0 l&rsquo;\u00e9chelle communale, par Marc San Francisco, Maire de La Fajolle<\/h2>\n<\/div>\n<\/div>\n<div class=\"elementor-element elementor-element-bfcd8f6 elementor-widget elementor-widget-spacer\" data-id=\"bfcd8f6\" data-element_type=\"widget\" data-widget_type=\"spacer.default\">\n<div class=\"elementor-widget-container\">\n<div class=\"elementor-spacer\"><a href=\"https:\/\/life-biodivpaysanne.fr\/la-prise-en-compte-de-la-biodiversite-a-lechelle-communale-par-marc-san-francisco-maire-de-la-fajolle\/\">l&rsquo;article c&rsquo;est ici<\/a><\/div>\n<\/div>\n<\/div>\n<p>&nbsp;<\/p>\n<p>&nbsp;<\/p>\n<p style=\"text-align: center;\"><span style=\"text-decoration: underline;\"><span style=\"color: #339966; text-decoration: underline;\"><strong><span style=\"font-family: verdana, geneva, sans-serif;\">Le passage de la boulang\u00e8re<\/span><\/strong><\/span><\/span><\/p>\n<p style=\"text-align: center;\"><span style=\"text-decoration: underline;\"><span style=\"color: #339966; text-decoration: underline;\"><strong><span style=\"font-family: verdana, geneva, sans-serif;\">article L&rsquo;ind\u00e9pendant du 8 mars 2021<\/span><\/strong><\/span><\/span><\/p>\n<p style=\"text-align: center;\"><a href=\"http:\/\/lafajolle.fr\/wp-content\/uploads\/2020\/11\/Voiture-electrique-12-08-2020.pdf\"><img loading=\"lazy\" decoding=\"async\" class=\"alignnone size-medium wp-image-1021\" src=\"http:\/\/lafajolle.fr\/wp-content\/uploads\/2021\/03\/article-indep-du-08-03-2021-jpeg-Roxanne-212x300.jpg\" alt=\"\" width=\"212\" height=\"300\" srcset=\"http:\/\/lafajolle.fr\/wp-content\/uploads\/2021\/03\/article-indep-du-08-03-2021-jpeg-Roxanne-212x300.jpg 212w, http:\/\/lafajolle.fr\/wp-content\/uploads\/2021\/03\/article-indep-du-08-03-2021-jpeg-Roxanne-724x1024.jpg 724w, http:\/\/lafajolle.fr\/wp-content\/uploads\/2021\/03\/article-indep-du-08-03-2021-jpeg-Roxanne-768x1086.jpg 768w, http:\/\/lafajolle.fr\/wp-content\/uploads\/2021\/03\/article-indep-du-08-03-2021-jpeg-Roxanne-1086x1536.jpg 1086w, http:\/\/lafajolle.fr\/wp-content\/uploads\/2021\/03\/article-indep-du-08-03-2021-jpeg-Roxanne-900x1273.jpg 900w, http:\/\/lafajolle.fr\/wp-content\/uploads\/2021\/03\/article-indep-du-08-03-2021-jpeg-Roxanne.jpg 1240w\" sizes=\"auto, (max-width: 212px) 100vw, 212px\" \/><\/a><\/p>\n<p style=\"text-align: center;\"><a href=\"http:\/\/lafajolle.fr\/wp-content\/uploads\/2020\/11\/Voiture-electrique-12-08-2020.pdf\"><img loading=\"lazy\" decoding=\"async\" class=\"size-medium wp-image-612 aligncenter\" src=\"http:\/\/lafajolle.fr\/wp-content\/uploads\/2020\/11\/Voiture-electrique-12-08-2020-300x168.jpg\" alt=\"\" width=\"300\" height=\"168\" srcset=\"http:\/\/lafajolle.fr\/wp-content\/uploads\/2020\/11\/Voiture-electrique-12-08-2020-300x168.jpg 300w, http:\/\/lafajolle.fr\/wp-content\/uploads\/2020\/11\/Voiture-electrique-12-08-2020-1024x573.jpg 1024w, http:\/\/lafajolle.fr\/wp-content\/uploads\/2020\/11\/Voiture-electrique-12-08-2020-768x430.jpg 768w, http:\/\/lafajolle.fr\/wp-content\/uploads\/2020\/11\/Voiture-electrique-12-08-2020-1536x859.jpg 1536w, http:\/\/lafajolle.fr\/wp-content\/uploads\/2020\/11\/Voiture-electrique-12-08-2020-900x504.jpg 900w, http:\/\/lafajolle.fr\/wp-content\/uploads\/2020\/11\/Voiture-electrique-12-08-2020-1280x716.jpg 1280w, http:\/\/lafajolle.fr\/wp-content\/uploads\/2020\/11\/Voiture-electrique-12-08-2020.jpg 1555w\" sizes=\"auto, (max-width: 300px) 100vw, 300px\" \/><br \/>\nVoiture \u00e9lectrique 12 08 2020 <\/a><\/p>\n<p style=\"text-align: center;\"><a href=\"http:\/\/lafajolle.fr\/wp-content\/uploads\/2020\/11\/Lhotel-a-insectes-10-08-2020.pdf\"><img loading=\"lazy\" decoding=\"async\" class=\"size-medium wp-image-600 aligncenter\" src=\"http:\/\/lafajolle.fr\/wp-content\/uploads\/2020\/11\/Lhotel-a-insectes-10-08-2020-300x213.jpg\" alt=\"\" width=\"300\" height=\"213\" srcset=\"http:\/\/lafajolle.fr\/wp-content\/uploads\/2020\/11\/Lhotel-a-insectes-10-08-2020-300x213.jpg 300w, http:\/\/lafajolle.fr\/wp-content\/uploads\/2020\/11\/Lhotel-a-insectes-10-08-2020-1024x726.jpg 1024w, http:\/\/lafajolle.fr\/wp-content\/uploads\/2020\/11\/Lhotel-a-insectes-10-08-2020-768x545.jpg 768w, http:\/\/lafajolle.fr\/wp-content\/uploads\/2020\/11\/Lhotel-a-insectes-10-08-2020-900x639.jpg 900w, http:\/\/lafajolle.fr\/wp-content\/uploads\/2020\/11\/Lhotel-a-insectes-10-08-2020-1280x908.jpg 1280w, http:\/\/lafajolle.fr\/wp-content\/uploads\/2020\/11\/Lhotel-a-insectes-10-08-2020.jpg 1535w\" sizes=\"auto, (max-width: 300px) 100vw, 300px\" \/><br \/>\nL\u2019h\u00f4tel \u00e0 insectes 10 08 2020<\/a><\/p>\n<p style=\"text-align: center;\"><a href=\"http:\/\/lafajolle.fr\/wp-content\/uploads\/2020\/11\/La-transhumance-dans-sa-plus-simple-expression-18-05-2020.pdf\"><img loading=\"lazy\" decoding=\"async\" class=\"size-medium wp-image-604 aligncenter\" src=\"http:\/\/lafajolle.fr\/wp-content\/uploads\/2020\/11\/La-transhumance-dans-sa-plus-simple-expression-18-05-2020-300x210.jpg\" alt=\"\" width=\"300\" height=\"210\" srcset=\"http:\/\/lafajolle.fr\/wp-content\/uploads\/2020\/11\/La-transhumance-dans-sa-plus-simple-expression-18-05-2020-300x210.jpg 300w, http:\/\/lafajolle.fr\/wp-content\/uploads\/2020\/11\/La-transhumance-dans-sa-plus-simple-expression-18-05-2020-768x537.jpg 768w, http:\/\/lafajolle.fr\/wp-content\/uploads\/2020\/11\/La-transhumance-dans-sa-plus-simple-expression-18-05-2020-900x629.jpg 900w, http:\/\/lafajolle.fr\/wp-content\/uploads\/2020\/11\/La-transhumance-dans-sa-plus-simple-expression-18-05-2020.jpg 933w\" sizes=\"auto, (max-width: 300px) 100vw, 300px\" \/><br \/>\nLa transhumance dans sa plus simple expression 18 05 2020<\/a><\/p>\n<p style=\"text-align: center;\"><a href=\"http:\/\/lafajolle.fr\/wp-content\/uploads\/2020\/11\/La-fete-de-la-transhumance-du-30-mai-annulee-02-05-2020.pdf\"><img loading=\"lazy\" decoding=\"async\" class=\"size-medium wp-image-601 aligncenter\" src=\"http:\/\/lafajolle.fr\/wp-content\/uploads\/2020\/11\/La-fete-de-la-transhumance-du-30-mai-annulee-02-05-2020-300x218.jpg\" alt=\"\" width=\"300\" height=\"218\" srcset=\"http:\/\/lafajolle.fr\/wp-content\/uploads\/2020\/11\/La-fete-de-la-transhumance-du-30-mai-annulee-02-05-2020-300x218.jpg 300w, http:\/\/lafajolle.fr\/wp-content\/uploads\/2020\/11\/La-fete-de-la-transhumance-du-30-mai-annulee-02-05-2020-768x557.jpg 768w, http:\/\/lafajolle.fr\/wp-content\/uploads\/2020\/11\/La-fete-de-la-transhumance-du-30-mai-annulee-02-05-2020-900x653.jpg 900w, http:\/\/lafajolle.fr\/wp-content\/uploads\/2020\/11\/La-fete-de-la-transhumance-du-30-mai-annulee-02-05-2020.jpg 902w\" sizes=\"auto, (max-width: 300px) 100vw, 300px\" \/><\/a><\/p>\n<p style=\"text-align: center;\"><a href=\"http:\/\/lafajolle.fr\/wp-content\/uploads\/2020\/11\/La-fete-de-la-transhumance-du-30-mai-annulee-02-05-2020.pdf\">La f\u00eate de la transhumance du 30 mai annul\u00e9e 02 05 2020<\/a><\/p>\n<p style=\"text-align: center;\"><a href=\"http:\/\/lafajolle.fr\/wp-content\/uploads\/2020\/11\/Une-rehabilitation-benefique-a-de-nombreux-niveaux-12-07-2019.pdf\"><img loading=\"lazy\" decoding=\"async\" class=\"size-medium wp-image-610 aligncenter\" src=\"http:\/\/lafajolle.fr\/wp-content\/uploads\/2020\/11\/Une-rehabilitation-benefique-a-de-nombreux-niveaux-12-07-2019-300x196.jpg\" alt=\"\" width=\"300\" height=\"196\" srcset=\"http:\/\/lafajolle.fr\/wp-content\/uploads\/2020\/11\/Une-rehabilitation-benefique-a-de-nombreux-niveaux-12-07-2019-300x196.jpg 300w, http:\/\/lafajolle.fr\/wp-content\/uploads\/2020\/11\/Une-rehabilitation-benefique-a-de-nombreux-niveaux-12-07-2019-1024x670.jpg 1024w, http:\/\/lafajolle.fr\/wp-content\/uploads\/2020\/11\/Une-rehabilitation-benefique-a-de-nombreux-niveaux-12-07-2019-768x503.jpg 768w, http:\/\/lafajolle.fr\/wp-content\/uploads\/2020\/11\/Une-rehabilitation-benefique-a-de-nombreux-niveaux-12-07-2019-900x589.jpg 900w, http:\/\/lafajolle.fr\/wp-content\/uploads\/2020\/11\/Une-rehabilitation-benefique-a-de-nombreux-niveaux-12-07-2019-1280x838.jpg 1280w, http:\/\/lafajolle.fr\/wp-content\/uploads\/2020\/11\/Une-rehabilitation-benefique-a-de-nombreux-niveaux-12-07-2019.jpg 1535w\" sizes=\"auto, (max-width: 300px) 100vw, 300px\" \/><br \/>\nUne r\u00e9habilitation b\u00e9n\u00e9fique \u00e0 de nombreux niveaux 12 07 2019<\/a><\/p>\n<p style=\"text-align: center;\"><a href=\"http:\/\/lafajolle.fr\/wp-content\/uploads\/2020\/11\/La-transhumance-au-village-13-06-2019.pdf\"><img loading=\"lazy\" decoding=\"async\" class=\"size-medium wp-image-602 aligncenter\" src=\"http:\/\/lafajolle.fr\/wp-content\/uploads\/2020\/11\/La-transhumance-au-village-13-06-2019-300x261.jpg\" alt=\"\" width=\"300\" height=\"261\" srcset=\"http:\/\/lafajolle.fr\/wp-content\/uploads\/2020\/11\/La-transhumance-au-village-13-06-2019-300x261.jpg 300w, http:\/\/lafajolle.fr\/wp-content\/uploads\/2020\/11\/La-transhumance-au-village-13-06-2019-1024x891.jpg 1024w, http:\/\/lafajolle.fr\/wp-content\/uploads\/2020\/11\/La-transhumance-au-village-13-06-2019-768x668.jpg 768w, http:\/\/lafajolle.fr\/wp-content\/uploads\/2020\/11\/La-transhumance-au-village-13-06-2019-900x783.jpg 900w, http:\/\/lafajolle.fr\/wp-content\/uploads\/2020\/11\/La-transhumance-au-village-13-06-2019-1280x1114.jpg 1280w, http:\/\/lafajolle.fr\/wp-content\/uploads\/2020\/11\/La-transhumance-au-village-13-06-2019.jpg 1502w\" sizes=\"auto, (max-width: 300px) 100vw, 300px\" \/><br \/>\nLa transhumance au village 13 06 2019<\/a><\/p>\n<p style=\"text-align: center;\"><a href=\"http:\/\/lafajolle.fr\/wp-content\/uploads\/2020\/11\/La-transhumance-bientot-en-Pays-de-Sault-2205-2019.pdf\"><img loading=\"lazy\" decoding=\"async\" class=\"size-medium wp-image-603 aligncenter\" src=\"http:\/\/lafajolle.fr\/wp-content\/uploads\/2020\/11\/La-transhumance-bientot-en-Pays-de-Sault-2205-2019-300x227.jpg\" alt=\"\" width=\"300\" height=\"227\" srcset=\"http:\/\/lafajolle.fr\/wp-content\/uploads\/2020\/11\/La-transhumance-bientot-en-Pays-de-Sault-2205-2019-300x227.jpg 300w, http:\/\/lafajolle.fr\/wp-content\/uploads\/2020\/11\/La-transhumance-bientot-en-Pays-de-Sault-2205-2019-768x581.jpg 768w, http:\/\/lafajolle.fr\/wp-content\/uploads\/2020\/11\/La-transhumance-bientot-en-Pays-de-Sault-2205-2019.jpg 900w\" sizes=\"auto, (max-width: 300px) 100vw, 300px\" \/><br \/>\nLa transhumance bient\u00f4t en Pays de Sault 2205 2019<\/a><\/p>\n<p style=\"text-align: center;\"><a href=\"http:\/\/lafajolle.fr\/wp-content\/uploads\/2020\/11\/Quand-La-Fajolle-mest-contee-04-01-2019.pdf\"><img loading=\"lazy\" decoding=\"async\" class=\"size-medium wp-image-607 aligncenter\" src=\"http:\/\/lafajolle.fr\/wp-content\/uploads\/2020\/11\/Quand-La-Fajolle-mest-contee-04-01-2019-300x218.jpg\" alt=\"\" width=\"300\" height=\"218\" srcset=\"http:\/\/lafajolle.fr\/wp-content\/uploads\/2020\/11\/Quand-La-Fajolle-mest-contee-04-01-2019-300x218.jpg 300w, http:\/\/lafajolle.fr\/wp-content\/uploads\/2020\/11\/Quand-La-Fajolle-mest-contee-04-01-2019-768x557.jpg 768w, http:\/\/lafajolle.fr\/wp-content\/uploads\/2020\/11\/Quand-La-Fajolle-mest-contee-04-01-2019.jpg 897w\" sizes=\"auto, (max-width: 300px) 100vw, 300px\" \/><br \/>\nQuand La Fajolle m&rsquo;est cont\u00e9e 04 01 2019<\/a><\/p>\n<p style=\"text-align: center;\"><a href=\"http:\/\/lafajolle.fr\/wp-content\/uploads\/2020\/11\/Une-passionnee-qui-entraine-tout-le-village.pdf\"><img loading=\"lazy\" decoding=\"async\" class=\"size-medium wp-image-609 aligncenter\" src=\"http:\/\/lafajolle.fr\/wp-content\/uploads\/2020\/11\/Une-passionnee-qui-entraine-tout-le-village-300x229.jpg\" alt=\"\" width=\"300\" height=\"229\" srcset=\"http:\/\/lafajolle.fr\/wp-content\/uploads\/2020\/11\/Une-passionnee-qui-entraine-tout-le-village-300x229.jpg 300w, http:\/\/lafajolle.fr\/wp-content\/uploads\/2020\/11\/Une-passionnee-qui-entraine-tout-le-village-1024x780.jpg 1024w, http:\/\/lafajolle.fr\/wp-content\/uploads\/2020\/11\/Une-passionnee-qui-entraine-tout-le-village-768x585.jpg 768w, http:\/\/lafajolle.fr\/wp-content\/uploads\/2020\/11\/Une-passionnee-qui-entraine-tout-le-village-900x686.jpg 900w, http:\/\/lafajolle.fr\/wp-content\/uploads\/2020\/11\/Une-passionnee-qui-entraine-tout-le-village-1280x975.jpg 1280w, http:\/\/lafajolle.fr\/wp-content\/uploads\/2020\/11\/Une-passionnee-qui-entraine-tout-le-village.jpg 1492w\" sizes=\"auto, (max-width: 300px) 100vw, 300px\" \/><br \/>\nUne passionn\u00e9e qui entra\u00eene tout le village<\/a><\/p>\n<p style=\"text-align: center;\"><a href=\"http:\/\/lafajolle.fr\/wp-content\/uploads\/2020\/11\/Michel-Authier-maire-honoraire-nous-a-quittes-31-10-2017.pdf\"><img loading=\"lazy\" decoding=\"async\" class=\"size-medium wp-image-606 aligncenter\" src=\"http:\/\/lafajolle.fr\/wp-content\/uploads\/2020\/11\/Michel-Authier-maire-honoraire-nous-a-quittes-31-10-2017-300x231.jpg\" alt=\"\" width=\"300\" height=\"231\" srcset=\"http:\/\/lafajolle.fr\/wp-content\/uploads\/2020\/11\/Michel-Authier-maire-honoraire-nous-a-quittes-31-10-2017-300x231.jpg 300w, http:\/\/lafajolle.fr\/wp-content\/uploads\/2020\/11\/Michel-Authier-maire-honoraire-nous-a-quittes-31-10-2017-1024x789.jpg 1024w, http:\/\/lafajolle.fr\/wp-content\/uploads\/2020\/11\/Michel-Authier-maire-honoraire-nous-a-quittes-31-10-2017-768x592.jpg 768w, http:\/\/lafajolle.fr\/wp-content\/uploads\/2020\/11\/Michel-Authier-maire-honoraire-nous-a-quittes-31-10-2017-1536x1184.jpg 1536w, http:\/\/lafajolle.fr\/wp-content\/uploads\/2020\/11\/Michel-Authier-maire-honoraire-nous-a-quittes-31-10-2017-900x694.jpg 900w, http:\/\/lafajolle.fr\/wp-content\/uploads\/2020\/11\/Michel-Authier-maire-honoraire-nous-a-quittes-31-10-2017-1280x987.jpg 1280w, http:\/\/lafajolle.fr\/wp-content\/uploads\/2020\/11\/Michel-Authier-maire-honoraire-nous-a-quittes-31-10-2017.jpg 1553w\" sizes=\"auto, (max-width: 300px) 100vw, 300px\" \/><br \/>\nMichel Authier, maire honoraire, nous a quitt\u00e9s 31 10 2017<\/a><\/p>\n<p style=\"text-align: center;\"><a href=\"http:\/\/lafajolle.fr\/wp-content\/uploads\/2020\/11\/revue-de-presse-Village-fleuri-village-prime-18-09-17.pdf\"><img loading=\"lazy\" decoding=\"async\" class=\"size-medium wp-image-611 aligncenter\" src=\"http:\/\/lafajolle.fr\/wp-content\/uploads\/2020\/11\/Village-fleuri-village-prime-18-09-17-300x229.jpg\" alt=\"\" width=\"300\" height=\"229\" srcset=\"http:\/\/lafajolle.fr\/wp-content\/uploads\/2020\/11\/Village-fleuri-village-prime-18-09-17-300x229.jpg 300w, http:\/\/lafajolle.fr\/wp-content\/uploads\/2020\/11\/Village-fleuri-village-prime-18-09-17-768x586.jpg 768w, http:\/\/lafajolle.fr\/wp-content\/uploads\/2020\/11\/Village-fleuri-village-prime-18-09-17-900x686.jpg 900w, http:\/\/lafajolle.fr\/wp-content\/uploads\/2020\/11\/Village-fleuri-village-prime-18-09-17.jpg 905w\" sizes=\"auto, (max-width: 300px) 100vw, 300px\" \/><br \/>\nVillage fleuri, village prim\u00e9 18 09 17<\/a><\/p>\n<p style=\"text-align: center;\"><a href=\"http:\/\/lafajolle.fr\/wp-content\/uploads\/2020\/11\/Louis-Maurel-le-zele-conducteur-de-car-11-07-2017.pdf\"><img loading=\"lazy\" decoding=\"async\" class=\"size-medium wp-image-605 aligncenter\" src=\"http:\/\/lafajolle.fr\/wp-content\/uploads\/2020\/11\/Louis-Maurel-le-zele-conducteur-de-car-11-07-2017-300x185.jpg\" alt=\"\" width=\"300\" height=\"185\" srcset=\"http:\/\/lafajolle.fr\/wp-content\/uploads\/2020\/11\/Louis-Maurel-le-zele-conducteur-de-car-11-07-2017-300x185.jpg 300w, http:\/\/lafajolle.fr\/wp-content\/uploads\/2020\/11\/Louis-Maurel-le-zele-conducteur-de-car-11-07-2017-768x474.jpg 768w, http:\/\/lafajolle.fr\/wp-content\/uploads\/2020\/11\/Louis-Maurel-le-zele-conducteur-de-car-11-07-2017-900x556.jpg 900w, http:\/\/lafajolle.fr\/wp-content\/uploads\/2020\/11\/Louis-Maurel-le-zele-conducteur-de-car-11-07-2017.jpg 1019w\" sizes=\"auto, (max-width: 300px) 100vw, 300px\" \/><br \/>\nLouis Maurel, le z\u00e9l\u00e9 conducteur de car 11 07 2017<\/a><\/p>\n<p style=\"text-align: center;\"><a href=\"http:\/\/lafajolle.fr\/wp-content\/uploads\/2020\/11\/Chant-choral-02-08-2011.pdf\"><img loading=\"lazy\" decoding=\"async\" class=\"size-medium wp-image-598 aligncenter\" src=\"http:\/\/lafajolle.fr\/wp-content\/uploads\/2020\/11\/Chant-choral-02-08-2011-300x194.jpg\" alt=\"\" width=\"300\" height=\"194\" srcset=\"http:\/\/lafajolle.fr\/wp-content\/uploads\/2020\/11\/Chant-choral-02-08-2011-300x194.jpg 300w, http:\/\/lafajolle.fr\/wp-content\/uploads\/2020\/11\/Chant-choral-02-08-2011-768x497.jpg 768w, http:\/\/lafajolle.fr\/wp-content\/uploads\/2020\/11\/Chant-choral-02-08-2011.jpg 901w\" sizes=\"auto, (max-width: 300px) 100vw, 300px\" \/><br \/>\nChant choral 02 08 2011<\/a><\/p>\n<p style=\"text-align: center;\"><a href=\"http:\/\/lafajolle.fr\/wp-content\/uploads\/2020\/11\/Deces-de-Prosperine.pdf\"><img loading=\"lazy\" decoding=\"async\" class=\"size-medium wp-image-599 aligncenter\" src=\"http:\/\/lafajolle.fr\/wp-content\/uploads\/2020\/11\/Deces-de-Prosperine-300x170.jpg\" alt=\"\" width=\"300\" height=\"170\" srcset=\"http:\/\/lafajolle.fr\/wp-content\/uploads\/2020\/11\/Deces-de-Prosperine-300x170.jpg 300w, http:\/\/lafajolle.fr\/wp-content\/uploads\/2020\/11\/Deces-de-Prosperine-1024x580.jpg 1024w, http:\/\/lafajolle.fr\/wp-content\/uploads\/2020\/11\/Deces-de-Prosperine-768x435.jpg 768w, http:\/\/lafajolle.fr\/wp-content\/uploads\/2020\/11\/Deces-de-Prosperine-900x509.jpg 900w, http:\/\/lafajolle.fr\/wp-content\/uploads\/2020\/11\/Deces-de-Prosperine-1280x724.jpg 1280w, http:\/\/lafajolle.fr\/wp-content\/uploads\/2020\/11\/Deces-de-Prosperine.jpg 1403w\" sizes=\"auto, (max-width: 300px) 100vw, 300px\" \/><br \/>\nD\u00e9c\u00e8s de Prosperine<\/a><\/p>\n<p style=\"text-align: center;\"><a href=\"http:\/\/lafajolle.fr\/wp-content\/uploads\/2020\/11\/Une-merveille-du-pays-de-Sault.pdf\"><img loading=\"lazy\" decoding=\"async\" class=\"size-medium wp-image-608 aligncenter\" src=\"http:\/\/lafajolle.fr\/wp-content\/uploads\/2020\/11\/Une-merveille-du-pays-de-Sault-300x232.jpg\" alt=\"\" width=\"300\" height=\"232\" srcset=\"http:\/\/lafajolle.fr\/wp-content\/uploads\/2020\/11\/Une-merveille-du-pays-de-Sault-300x232.jpg 300w, http:\/\/lafajolle.fr\/wp-content\/uploads\/2020\/11\/Une-merveille-du-pays-de-Sault-1024x793.jpg 1024w, http:\/\/lafajolle.fr\/wp-content\/uploads\/2020\/11\/Une-merveille-du-pays-de-Sault-768x595.jpg 768w, http:\/\/lafajolle.fr\/wp-content\/uploads\/2020\/11\/Une-merveille-du-pays-de-Sault-900x697.jpg 900w, http:\/\/lafajolle.fr\/wp-content\/uploads\/2020\/11\/Une-merveille-du-pays-de-Sault.jpg 1171w\" sizes=\"auto, (max-width: 300px) 100vw, 300px\" \/><br \/>\nUne merveille du pays de Sault<\/a><\/p>\n<p style=\"text-align: center;\"><a href=\"http:\/\/lafajolle.fr\/wp-content\/uploads\/2020\/11\/Apres-la-transhumance-l-estive.pdf\"><img loading=\"lazy\" decoding=\"async\" class=\"size-medium wp-image-597 aligncenter\" src=\"http:\/\/lafajolle.fr\/wp-content\/uploads\/2020\/11\/Apres-la-transhumance-l-estive-300x192.jpg\" alt=\"\" width=\"300\" height=\"192\" srcset=\"http:\/\/lafajolle.fr\/wp-content\/uploads\/2020\/11\/Apres-la-transhumance-l-estive-300x192.jpg 300w, http:\/\/lafajolle.fr\/wp-content\/uploads\/2020\/11\/Apres-la-transhumance-l-estive-1024x654.jpg 1024w, http:\/\/lafajolle.fr\/wp-content\/uploads\/2020\/11\/Apres-la-transhumance-l-estive-768x491.jpg 768w, http:\/\/lafajolle.fr\/wp-content\/uploads\/2020\/11\/Apres-la-transhumance-l-estive-900x575.jpg 900w, http:\/\/lafajolle.fr\/wp-content\/uploads\/2020\/11\/Apres-la-transhumance-l-estive-1280x818.jpg 1280w, http:\/\/lafajolle.fr\/wp-content\/uploads\/2020\/11\/Apres-la-transhumance-l-estive.jpg 1390w\" sizes=\"auto, (max-width: 300px) 100vw, 300px\" \/><br \/>\nApr\u00e9s la transhumance l estive<\/a><\/p>\n<p style=\"text-align: center;\">\u00a0<\/p>\n","protected":false},"excerpt":{"rendered":"<p>La prise en compte de la biodiversit\u00e9 \u00e0 l&rsquo;\u00e9chelle communale, par Marc San Francisco, Maire de La Fajolle l&rsquo;article c&rsquo;est ici &nbsp; &nbsp; Le passage de la boulang\u00e8re article L&rsquo;ind\u00e9pendant du 8 mars 2021 Voiture \u00e9lectrique 12 08 2020 L\u2019h\u00f4tel \u00e0 insectes 10 08 2020 La transhumance dans sa plus simple expression 18 05 2020 [&hellip;]<\/p>\n","protected":false},"author":1,"featured_media":0,"parent":0,"menu_order":0,"comment_status":"closed","ping_status":"closed","template":"","meta":{"_crdt_document":"","footnotes":""},"class_list":["post-534","page","type-page","status-publish","hentry"],"_links":{"self":[{"href":"http:\/\/lafajolle.fr\/index.php\/wp-json\/wp\/v2\/pages\/534","targetHints":{"allow":["GET"]}}],"collection":[{"href":"http:\/\/lafajolle.fr\/index.php\/wp-json\/wp\/v2\/pages"}],"about":[{"href":"http:\/\/lafajolle.fr\/index.php\/wp-json\/wp\/v2\/types\/page"}],"author":[{"embeddable":true,"href":"http:\/\/lafajolle.fr\/index.php\/wp-json\/wp\/v2\/users\/1"}],"replies":[{"embeddable":true,"href":"http:\/\/lafajolle.fr\/index.php\/wp-json\/wp\/v2\/comments?post=534"}],"version-history":[{"count":14,"href":"http:\/\/lafajolle.fr\/index.php\/wp-json\/wp\/v2\/pages\/534\/revisions"}],"predecessor-version":[{"id":1908,"href":"http:\/\/lafajolle.fr\/index.php\/wp-json\/wp\/v2\/pages\/534\/revisions\/1908"}],"wp:attachment":[{"href":"http:\/\/lafajolle.fr\/index.php\/wp-json\/wp\/v2\/media?parent=534"}],"curies":[{"name":"wp","href":"https:\/\/api.w.org\/{rel}","templated":true}]}}